et u(j) = -3*j**2 + 6*j + 11. Let h(w) = -7*w**2 + 12*w + 23. Let v(t) = 2*h(t) - 5*u(t). What are the prime factors of v(-7)?
2, 41
Let j(w) = -w - 10. Let c be j(-9). What are the prime factors of 603/6 + (0 - c/2)?
101
Suppose 13 = 3*s - 2*s. Let y(z) = -z**2 + 13*z + 14. What are the prime factors of y(s)?
2, 7
Suppose t - 96 = -3*t - 3*u, 5*u + 24 = t. Suppose -3*c = 3*a + t, c - 2*c - 2*a - 10 = 0. What are the prime factors of -4 - c - -2*7?
2
Let c(n) = -14*n**3 - 13*n**2 + 38*n + 34. Let x(z) = -5*z**3 - 4*z**2 + 13*z + 11. Let j(g) = -4*c(g) + 11*x(g). List the prime factors of j(-8).
3, 19
Let g(j) be the third derivative of -j**4/12 + 2*j**3/3 - 5*j**2. What are the prime factors of g(-10)?
2, 3
Let d be 80/6*1*-6. Let a = -122 - -67. Let m = a - d. What are the prime factors of m?
5
Let b = -64 - -71. Suppose -2*x = -7 - b. What are the prime factors of x?
7
Suppose -166 = -2*t + 240. List the prime factors of t.
7, 29
What are the prime factors of (32/14)/((-34)/(-119))?
2
Let q = -4 + 25. Let d = 38 - q. Suppose -b + 45 = d. List the prime factors of b.
2, 7
Let i(v) = 8 + 4*v - 2*v + 18 - 15. What are the prime factors of i(8)?
3
Let f(c) = -c**3 + 20*c**2 - 8*c - 19. Let h be f(20). List the prime factors of (h - -4)/(-5)*1.
5, 7
List the prime factors of ((-32)/12)/((-6)/585).
2, 5, 13
Suppose -s - 3 = -6. Suppose 2*m = -3*k + s*m + 1, -2*k + 4*m - 16 = 0. List the prime factors of k.
2
Let m(r) = -r**2 + 6*r - 2. Let p be m(4). Let i be (6/(-5))/(p/(-345)). Suppose 0 = 3*u + 3*o - 36, -5*u + i - 1 = o. What are the prime factors of u?
2, 7
Suppose 3*t = 4*x + 2390, 3*x = 2 + 1. What are the prime factors of t?
2, 3, 7, 19
List the prime factors of (11766/(-530))/((-1)/130).
2, 3, 13, 37
Suppose 0 = 2*i + 5*h - 45, i + 51 = 3*i - h. Let x be (-4)/6 + 22/6. Suppose -x*t + 39 = -n, -3*n = t + 2 - i. What are the prime factors of t?
2, 7
Let t be (1 + 3)*(12/(-3) + 3). List the prime factors of (t/(-7))/(2/203).
2, 29
List the prime factors of (-40)/4 - (3 + -17).
2
Let n(m) = -m**3 + 17*m**2 + 26*m - 60. List the prime factors of n(14).
2, 223
Suppose 2*b + 46 = -3*w + 4*w, -4*w = -b - 156. Suppose 16*l - 13*l = -2*c - 4, -5*l + 30 = -4*c. Suppose w = -l*j + 176. What are the prime factors of j?
3, 23
Suppose -31776 = -225*b + 209*b. What are the prime factors of b?
2, 3, 331
Suppose 0 = 95*m + 22*m - 587925. List the prime factors of m.
3, 5, 67
Suppose 7*v + 21 = 4*v. Let s = 5 + v. List the prime factors of (-1)/(s/(30 + 4)).
17
Suppose -l = -s - 0*s - 117, 0 = 3*l + 3*s - 369. List the prime factors of l.
2, 3, 5
Suppose 2*x + 3*x = 925. Suppose -3*k = 5*d + 2*k - x, 0 = -k - 1. What are the prime factors of (-51)/(-17)*d/3?
2, 19
List the prime factors of (-4)/(-16) - (40390/(-8) - -1).
2, 631
Suppose -2*i - 6 = -2*a + 6*a, 12 = a + 5*i. Let r be (4/a)/(6/(-18)). List the prime factors of 237/r - (-21)/28.
2, 3, 5
Let h(x) = -4*x**2 - 8*x - 7. Let n be h(-5). Let v(w) = -3*w**2 + 41*w - 11. Let a be v(9). Let b = n + a. What are the prime factors of b?
2, 3
Suppose -q - 3*q + 1518 = 2*l, -765 = -2*q - 3*l. Let r = q - 75. What are the prime factors of r?
3, 101
Let n(b) = 2*b**2 - 5*b**2 + 2*b + 4*b**2 + 10 + 0*b**2. What are the prime factors of n(-4)?
2, 3
Let y = -1890 - -2837. What are the prime factors of y?
947
Let a(x) = 10*x**2 - 17*x + 37. Let y(k) = -3*k**2 + 6*k - 12. Let n(u) = 2*a(u) + 7*y(u). Let r be n(6). Suppose 5 = r*b - 145. List the prime factors of b.
3, 5
Suppose 11 = 5*t - 4. Suppose 12 = -4*q, t*n - 6 = 2*q - 5*q. List the prime factors of n.
5
Let d(q) = 4*q**2 - 7*q + 2. Let r(v) = -5*v**2 + 8*v - 2. Let t(k) = 3*d(k) + 2*r(k). Let u be t(3). Suppose -u*x + 44 = -51. What are the prime factors of x?
19
Suppose 11514 = 4*s + 3*w, s + 4*s + w = 14398. List the prime factors of s.
2, 3, 5
Let x be 4/22 - 670698/154. What are the prime factors of 16/(-5) - -4 - x/25?
5, 7
Suppose -186*j + 189*j - 1602 = 0. List the prime factors of j.
2, 3, 89
Let v(b) = b**3 - b**2 + b - 252. Let g be v(0). List the prime factors of ((-4)/6)/((-1005)/g - 4).
2, 7
Let u = 16 + -51. Let l = -16 - u. What are the prime factors of l?
19
Let g(p) = -18*p - 18. Suppose -2*t - 2 = 8. What are the prime factors of g(t)?
2, 3
Let b = 46 + -37. Let z be 0 + 44 - (-3)/3. Suppose b*m = 6*m + z. List the prime factors of m.
3, 5
Let p = 390 - 263. Suppose 0 = 3*o - 0*o + 2*n - p, 5*n = 2*o - 91. What are the prime factors of o?
43
Suppose -4*f + 1309 = q, -8*q + 13*q - 6670 = 5*f. List the prime factors of q.
3, 443
Suppose 13*t - 1462 = -4*t. List the prime factors of t.
2, 43
Suppose 0 = 5*d - 295 - 30. Let q = -3 - -5. Suppose -2*h + q*m = 4*m - 26, -5*h = 3*m - d. List the prime factors of h.
13
Let j(q) = q**2 + q - 2. Let i be j(2). Let n be i/12 - (-8)/3. Suppose -n*v + 4 = -5. What are the prime factors of v?
3
Let l be (-47)/(-9) + (-4)/18. Let j(h) be the second derivative of h**4/6 - h**3/6 + 4*h**2 + 20*h. List the prime factors of j(l).
53
Let b be (1 + 1012/8)*(-12)/(-10). Suppose 0 = -4*s + b + 323. What are the prime factors of s?
7, 17
Suppose 129 = 2*x - 421. Suppose -5*i + 0*g - 5*g = -315, x = 5*i - 3*g. List the prime factors of i.
2, 29
Suppose -1 = t - 7. Let g = t - -51. List the prime factors of g.
3, 19
Suppose -18*z + 2*z + 39632 = 0. List the prime factors of z.
2477
Suppose 2*h = 6, -4 + 32 = 2*k + 2*h. Let f(x) = -k + 0*x + 10*x - 3*x + 3*x. What are the prime factors of f(8)?
3, 23
Suppose -5*a = -8*a + p + 15450, -4*p - 12 = 0. What are the prime factors of a?
19, 271
Let q(c) = -2*c + 4. Let r be q(-4). Suppose -8*d - r = -4*d. Let z(k) = 4*k**2 - 2. What are the prime factors of z(d)?
2, 17
Let t(f) = 15*f**2 - 3*f - 5. Let w be t(5). Let l = w + -193. Suppose 4*r - r = l. What are the prime factors of r?
2, 3
Suppose 4*f - 2*c = 16 + 6, f - 8 = c. Suppose 0 = f*m + v - 118, -5*m + 0*v - 5*v + 210 = 0. What are the prime factors of m?
2, 19
Let i be (-1 + 1)/(3 + -1 - 1). Suppose i = -4*f - 111 + 743. List the prime factors of f.
2, 79
Let m(y) = -y**3 + 16*y**2 - 14*y - 13. Let u be m(15). Let q(g) = -u*g - 5 + 9 + 25. What are the prime factors of q(12)?
5
Let x = 10 - 6. Let n(s) = 6*s + 7*s - 5*s - 10. What are the prime factors of n(x)?
2, 11
Let w(m) = -18*m - 31. List the prime factors of w(-16).
257
Let o(k) = k**3 + 2*k**2 - 4*k. Let a be o(7). Suppose -a = -7*w + 77. List the prime factors of w.
2, 5, 7
Suppose 0 = -2*h + 2*f + 10, h + 3*f - 1 = 0. Let s(j) = j**3 - j**2 + 3*j - 6. What are the prime factors of s(h)?
2, 3
Let n(i) = 6*i - 6. Let s(m) = m - 2. Let h be s(6). Suppose h = p - 1. What are the prime factors of n(p)?
2, 3
Let r(g) = -g**2 + 7*g - 6. Let p be r(6). Suppose 3*l = 5*i - 11, -3*i = 5*l - p + 7. Let o = l - -11. What are the prime factors of o?
3
Let f = 18 + 0. Let b = f + -13. Suppose -3*l + 92 = d + 11, -4*l = -b*d - 89. List the prime factors of l.
2, 13
Suppose -5*o - 774 - 908 = 2*d, 2*d + 1010 = -3*o. What are the prime factors of o/40*(-20)/6?
2, 7
Suppose 0*n = 2*n - 8. Suppose -n*v + 5*g = -594, 5*v - 461 = 2*v - 4*g. List the prime factors of v.
151
List the prime factors of 81147/44 + (-12)/(-16).
3, 5, 41
Let a(k) = -6*k + 42. Let g be a(-17). Suppose 5*n - 3*r = 3*n + g, -r - 4 = 0. What are the prime factors of n?
2, 3, 11
Let i(t) = -9*t - 10. Let n be i(-2). Let j = n + 81. What are the prime factors of j?
89
Let k(s) be the third derivative of 7*s**5/60 + s**4/24 - s**3/2 + 17*s**2. Let f = -6 - -3. List the prime factors of k(f).
3, 19
Suppose 7*l - 4 = 5*l. List the prime factors of 119/l - (-4)/(-8).
59
Let l(z) = -z + 2. Let v be l(0). Suppose 4*k = 5*p + 208, -3*k = -8*k + v*p + 260. What are the prime factors of k?
2, 13
Let x = -110 + 74. List the prime factors of (52/x*-3 + -3)*54.
2, 3
Let t(f) = -4*f**2 - f + 3. Let k(s) = -5*s**2 - s + 3. Let m(x) = -3*k(x) + 4*t(x). Let g be m(0). Suppose -3*q = -87 + g. List the prime factors of q.
2, 7
Suppose -4*r + 1399 = y, -732 = -r - r + 6*y. List the prime factors of r.
3, 13
Let u(q) = -q**3 + 17*q - 86. List the prime factors of u(-15).
2, 37, 41
Let f(w) be the third derivative of 13*w**4/24 + w**3/3 - 2*w**2. What are the prime factors of f(2)?
2, 7
Suppose 4*b - 37 = 23. Let k = 62 -